{"id":86,"date":"2024-04-14T15:31:04","date_gmt":"2024-04-14T15:31:04","guid":{"rendered":"https:\/\/www.alfanamas.lt\/?page_id=86"},"modified":"2024-05-22T09:47:08","modified_gmt":"2024-05-22T09:47:08","slug":"deginta-mediena","status":"publish","type":"page","link":"https:\/\/alfanamas.lt\/?page_id=86","title":{"rendered":"Deginta mediena"},"content":{"rendered":"<nav class=\"is-responsive wp-block-navigation is-layout-flex wp-block-navigation-is-layout-flex\" aria-label=\"Header navigation\" \n\t\t data-wp-interactive=\"core\/navigation\" data-wp-context='{\"overlayOpenedBy\":{\"click\":false,\"hover\":false,\"focus\":false},\"type\":\"overlay\",\"roleAttribute\":\"\",\"ariaLabel\":\"Menu\"}'><button aria-haspopup=\"dialog\" aria-label=\"Open menu\" class=\"wp-block-navigation__responsive-container-open\" \n\t\t\t\tdata-wp-on--click=\"actions.openMenuOnClick\"\n\t\t\t\tdata-wp-on--keydown=\"actions.handleMenuKeydown\"\n\t\t\t><svg width=\"24\" height=\"24\" xmlns=\"http:\/\/www.w3.org\/2000\/svg\" viewBox=\"0 0 24 24\" aria-hidden=\"true\" focusable=\"false\"><path d=\"M4 7.5h16v1.5H4z\"><\/path><path d=\"M4 15h16v1.5H4z\"><\/path><\/svg><\/button>\n\t\t\t\t<div class=\"wp-block-navigation__responsive-container\"  id=\"modal-1\" \n\t\t\t\tdata-wp-class--has-modal-open=\"state.isMenuOpen\"\n\t\t\t\tdata-wp-class--is-menu-open=\"state.isMenuOpen\"\n\t\t\t\tdata-wp-watch=\"callbacks.initMenu\"\n\t\t\t\tdata-wp-on--keydown=\"actions.handleMenuKeydown\"\n\t\t\t\tdata-wp-on--focusout=\"actions.handleMenuFocusout\"\n\t\t\t\ttabindex=\"-1\"\n\t\t\t>\n\t\t\t\t\t<div class=\"wp-block-navigation__responsive-close\" tabindex=\"-1\">\n\t\t\t\t\t\t<div class=\"wp-block-navigation__responsive-dialog\" \n\t\t\t\tdata-wp-bind--aria-modal=\"state.ariaModal\"\n\t\t\t\tdata-wp-bind--aria-label=\"state.ariaLabel\"\n\t\t\t\tdata-wp-bind--role=\"state.roleAttribute\"\n\t\t\t>\n\t\t\t\t\t\t\t<button aria-label=\"Close menu\" class=\"wp-block-navigation__responsive-container-close\" \n\t\t\t\tdata-wp-on--click=\"actions.closeMenuOnClick\"\n\t\t\t><svg xmlns=\"http:\/\/www.w3.org\/2000\/svg\" viewBox=\"0 0 24 24\" width=\"24\" height=\"24\" aria-hidden=\"true\" focusable=\"false\"><path d=\"m13.06 12 6.47-6.47-1.06-1.06L12 10.94 5.53 4.47 4.47 5.53 10.94 12l-6.47 6.47 1.06 1.06L12 13.06l6.47 6.47 1.06-1.06L13.06 12Z\"><\/path><\/svg><\/button>\n\t\t\t\t\t\t\t<div class=\"wp-block-navigation__responsive-container-content\" \n\t\t\t\tdata-wp-watch=\"callbacks.focusFirstElement\"\n\t\t\t id=\"modal-1-content\">\n\t\t\t\t\t\t\t\t<ul class=\"wp-block-navigation__container is-responsive wp-block-navigation\"><li class=\" wp-block-navigation-item wp-block-navigation-link\"><a class=\"wp-block-navigation-item__content\"  href=\"#\"><span class=\"wp-block-navigation-item__label\"><strong>Pradinis<\/strong><\/span><\/a><\/li><li class=\" wp-block-navigation-item wp-block-navigation-link\"><a class=\"wp-block-navigation-item__content\"  href=\"https:\/\/www.alfanamas.lt\/?page_id=43\"><span class=\"wp-block-navigation-item__label\"><strong>Molio dekoras<\/strong><\/span><\/a><\/li><li class=\" wp-block-navigation-item wp-block-navigation-link\"><a class=\"wp-block-navigation-item__content\"  href=\"https:\/\/www.alfanamas.lt\/?page_id=86\"><span class=\"wp-block-navigation-item__label\"><strong>Deginta mediena<\/strong><\/span><\/a><\/li><\/ul>\n\t\t\t\t\t\t\t<\/div>\n\t\t\t\t\t\t<\/div>\n\t\t\t\t\t<\/div>\n\t\t\t\t<\/div><\/nav>\n\n\n<p>Deginta mediena &#8211; Degintos medienos gaminiai sukurs rafinuot\u0105 stili\u0173 J\u016bs\u0173 norimam dizainui. Naudodami Japonijoje sukurt\u0105 med\u017eio deginimo technik\u0105 pagaminsime i\u0161skirtinum\u0105 garantuojant\u012f produkt\u0105. Platus spalv\u0173 ir profili\u0173 pasirinkimas leis i\u0161sirinkti tinkamiausi\u0105 variant\u0105.<\/p>\n\n\n\n<p>Deginta mediena \u2013 ilgalaikis ir modernus sprendimas.<br>Kokyb\u0117, estetika, nat\u016bralumas ir ilgaam\u017ei\u0161kumas \u2013 tinkamiausi \u017eod\u017eiai apib\u016bdinti degintai medienai. I\u0161skirtin\u0117 ir laiko patikrinta japoni\u0161ka med\u017eio apdirbimo technologija sukurs rafinuotos prabangos \u012fvaizd\u012f J\u016bs\u0173 pasirinktam dizainui.<\/p>\n\n\n\n<p><strong>Kainos:<\/strong><\/p>\n\n\n\n<figure class=\"wp-block-table is-style-stripes\"><table><thead><tr><th class=\"has-text-align-left\" data-align=\"left\">Paslauga<\/th><th class=\"has-text-align-left\" data-align=\"left\">Komentaras<\/th><th class=\"has-text-align-left\" data-align=\"left\">Kaina su PVM<\/th><\/tr><\/thead><tbody><tr><td class=\"has-text-align-left\" data-align=\"left\">Deginta mediena (lentos)<\/td><td class=\"has-text-align-left\" data-align=\"left\">Komplekt\u0105 sudaro: Lentos (Pu\u0161is; 25x100x6000), deginimas ir valymas<\/td><td class=\"has-text-align-left\" data-align=\"left\">18Eur u\u017e 1 kvadratin\u012f metr\u0105 <\/td><\/tr><tr><td class=\"has-text-align-left\" data-align=\"left\">Deginimas<\/td><td class=\"has-text-align-left\" data-align=\"left\">Galime nudeginti j\u016bs\u0173 atve\u017et\u0105\/u\u017esakyt\u0105 medien\u0105.<\/td><td class=\"has-text-align-left\" data-align=\"left\">7Eur u\u017e 1 kvadratin\u012f metr\u0105<\/td><\/tr><tr><td class=\"has-text-align-left\" data-align=\"left\">Valymas<\/td><td class=\"has-text-align-left\" data-align=\"left\">Galime nuplauti j\u016bs\u0173 atve\u017et\u0105\/u\u017esakyt\u0105 medien\u0105.<\/td><td class=\"has-text-align-left\" data-align=\"left\">7Eur u\u017e 1 kvadratin\u012f metr\u0105<\/td><\/tr><tr><td class=\"has-text-align-left\" data-align=\"left\">Alyvavimas<\/td><td class=\"has-text-align-left\" data-align=\"left\">Galime nualyvuoti j\u016bs\u0173 atve\u017et\u0105\/u\u017esakyt\u0105 medien\u0105 (su j\u016bs\u0173 alyva).<\/td><td class=\"has-text-align-left\" data-align=\"left\">8Eur u\u017e 1 kvadratin\u012f metr\u0105<\/td><\/tr><tr><td class=\"has-text-align-left\" data-align=\"left\">Transportas<\/td><td class=\"has-text-align-left\" data-align=\"left\">15km atsumu nuo Mol\u0117t\u0173 centro pristaymas kainuoja 30eur. Jei reikia ve\u017eti toliau, imamas papildomas mokestis. Pvz. pristatyti reikia 50km nuo Mol\u0117t\u0173. 50km &#8211; 15km = 35km; (35km x 1Eur) + 30Eur (fiksuotas mokestis) = 65Eur.<\/td><td class=\"has-text-align-left\" data-align=\"left\">30Eur 1 Eur u\u017e papildom\u0105 km. <\/td><\/tr><\/tbody><\/table><\/figure>\n\n\n\n<div class=\"wp-block-columns is-layout-flex wp-container-core-columns-is-layout-28f84493 wp-block-columns-is-layout-flex\">\n<div class=\"wp-block-column is-layout-flow wp-block-column-is-layout-flow\">\n<figure class=\"wp-block-image size-full\"><img loading=\"lazy\" decoding=\"async\" width=\"1024\" height=\"1024\" src=\"https:\/\/www.alfanamas.lt\/wp-content\/uploads\/2024\/04\/9.jpg\" alt=\"\" class=\"wp-image-66\" srcset=\"https:\/\/alfanamas.lt\/wp-content\/uploads\/2024\/04\/9.jpg 1024w, https:\/\/alfanamas.lt\/wp-content\/uploads\/2024\/04\/9-300x300.jpg 300w, https:\/\/alfanamas.lt\/wp-content\/uploads\/2024\/04\/9-150x150.jpg 150w, https:\/\/alfanamas.lt\/wp-content\/uploads\/2024\/04\/9-768x768.jpg 768w\" sizes=\"auto, (max-width: 1024px) 100vw, 1024px\" \/><\/figure>\n<\/div>\n\n\n\n<div class=\"wp-block-column is-layout-flow wp-block-column-is-layout-flow\">\n<figure class=\"wp-block-image size-full\"><img loading=\"lazy\" decoding=\"async\" width=\"1024\" height=\"1024\" src=\"https:\/\/www.alfanamas.lt\/wp-content\/uploads\/2024\/04\/8.jpg\" alt=\"\" class=\"wp-image-65\" srcset=\"https:\/\/alfanamas.lt\/wp-content\/uploads\/2024\/04\/8.jpg 1024w, https:\/\/alfanamas.lt\/wp-content\/uploads\/2024\/04\/8-300x300.jpg 300w, https:\/\/alfanamas.lt\/wp-content\/uploads\/2024\/04\/8-150x150.jpg 150w, https:\/\/alfanamas.lt\/wp-content\/uploads\/2024\/04\/8-768x768.jpg 768w\" sizes=\"auto, (max-width: 1024px) 100vw, 1024px\" \/><\/figure>\n<\/div>\n\n\n\n<div class=\"wp-block-column is-layout-flow wp-block-column-is-layout-flow\">\n<figure class=\"wp-block-image size-full\"><img loading=\"lazy\" decoding=\"async\" width=\"1024\" height=\"1024\" src=\"https:\/\/www.alfanamas.lt\/wp-content\/uploads\/2024\/04\/7.jpg\" alt=\"\" class=\"wp-image-64\" srcset=\"https:\/\/alfanamas.lt\/wp-content\/uploads\/2024\/04\/7.jpg 1024w, https:\/\/alfanamas.lt\/wp-content\/uploads\/2024\/04\/7-300x300.jpg 300w, https:\/\/alfanamas.lt\/wp-content\/uploads\/2024\/04\/7-150x150.jpg 150w, https:\/\/alfanamas.lt\/wp-content\/uploads\/2024\/04\/7-768x768.jpg 768w\" sizes=\"auto, (max-width: 1024px) 100vw, 1024px\" \/><\/figure>\n<\/div>\n<\/div>\n\n\n\n<div class=\"wp-block-columns is-layout-flex wp-container-core-columns-is-layout-28f84493 wp-block-columns-is-layout-flex\">\n<div class=\"wp-block-column is-layout-flow wp-block-column-is-layout-flow\">\n<figure class=\"wp-block-image size-full\"><img loading=\"lazy\" decoding=\"async\" width=\"1024\" height=\"1024\" src=\"https:\/\/www.alfanamas.lt\/wp-content\/uploads\/2024\/04\/6.jpg\" alt=\"\" class=\"wp-image-63\" srcset=\"https:\/\/alfanamas.lt\/wp-content\/uploads\/2024\/04\/6.jpg 1024w, https:\/\/alfanamas.lt\/wp-content\/uploads\/2024\/04\/6-300x300.jpg 300w, https:\/\/alfanamas.lt\/wp-content\/uploads\/2024\/04\/6-150x150.jpg 150w, https:\/\/alfanamas.lt\/wp-content\/uploads\/2024\/04\/6-768x768.jpg 768w\" sizes=\"auto, (max-width: 1024px) 100vw, 1024px\" \/><\/figure>\n<\/div>\n\n\n\n<div class=\"wp-block-column is-layout-flow wp-block-column-is-layout-flow\">\n<figure class=\"wp-block-image size-full\"><img loading=\"lazy\" decoding=\"async\" width=\"1024\" height=\"1024\" src=\"https:\/\/www.alfanamas.lt\/wp-content\/uploads\/2024\/04\/2.jpg\" alt=\"\" class=\"wp-image-60\" srcset=\"https:\/\/alfanamas.lt\/wp-content\/uploads\/2024\/04\/2.jpg 1024w, https:\/\/alfanamas.lt\/wp-content\/uploads\/2024\/04\/2-300x300.jpg 300w, https:\/\/alfanamas.lt\/wp-content\/uploads\/2024\/04\/2-150x150.jpg 150w, https:\/\/alfanamas.lt\/wp-content\/uploads\/2024\/04\/2-768x768.jpg 768w\" sizes=\"auto, (max-width: 1024px) 100vw, 1024px\" \/><\/figure>\n<\/div>\n\n\n\n<div class=\"wp-block-column is-layout-flow wp-block-column-is-layout-flow\">\n<figure class=\"wp-block-image size-large\"><img loading=\"lazy\" decoding=\"async\" width=\"1024\" height=\"1024\" src=\"https:\/\/www.alfanamas.lt\/wp-content\/uploads\/2024\/04\/20240404_195520-1024x1024.jpg\" alt=\"\" class=\"wp-image-26\" srcset=\"https:\/\/alfanamas.lt\/wp-content\/uploads\/2024\/04\/20240404_195520-1024x1024.jpg 1024w, https:\/\/alfanamas.lt\/wp-content\/uploads\/2024\/04\/20240404_195520-300x300.jpg 300w, https:\/\/alfanamas.lt\/wp-content\/uploads\/2024\/04\/20240404_195520-150x150.jpg 150w, https:\/\/alfanamas.lt\/wp-content\/uploads\/2024\/04\/20240404_195520-768x768.jpg 768w, https:\/\/alfanamas.lt\/wp-content\/uploads\/2024\/04\/20240404_195520-1536x1536.jpg 1536w, https:\/\/alfanamas.lt\/wp-content\/uploads\/2024\/04\/20240404_195520.jpg 1908w\" sizes=\"auto, (max-width: 1024px) 100vw, 1024px\" \/><\/figure>\n<\/div>\n<\/div>\n\n\n\n<div class=\"wp-block-columns is-layout-flex wp-container-core-columns-is-layout-28f84493 wp-block-columns-is-layout-flex\">\n<div class=\"wp-block-column is-layout-flow wp-block-column-is-layout-flow\" style=\"flex-basis:66.66%\">\n<figure class=\"wp-block-image size-large is-resized\"><img loading=\"lazy\" decoding=\"async\" width=\"1024\" height=\"1024\" src=\"https:\/\/www.alfanamas.lt\/wp-content\/uploads\/2024\/04\/10-1024x1024.jpg\" alt=\"\" class=\"wp-image-103\" style=\"width:846px;height:auto\" srcset=\"https:\/\/alfanamas.lt\/wp-content\/uploads\/2024\/04\/10-1024x1024.jpg 1024w, https:\/\/alfanamas.lt\/wp-content\/uploads\/2024\/04\/10-300x300.jpg 300w, https:\/\/alfanamas.lt\/wp-content\/uploads\/2024\/04\/10-150x150.jpg 150w, https:\/\/alfanamas.lt\/wp-content\/uploads\/2024\/04\/10-768x768.jpg 768w, https:\/\/alfanamas.lt\/wp-content\/uploads\/2024\/04\/10.jpg 1536w\" sizes=\"auto, (max-width: 1024px) 100vw, 1024px\" \/><\/figure>\n<\/div>\n\n\n\n<div class=\"wp-block-column is-layout-flow wp-block-column-is-layout-flow\" style=\"flex-basis:33.33%\">\n<figure class=\"wp-block-image size-large\"><img loading=\"lazy\" decoding=\"async\" width=\"1024\" height=\"1024\" src=\"https:\/\/www.alfanamas.lt\/wp-content\/uploads\/2024\/04\/11-1024x1024.jpg\" alt=\"\" class=\"wp-image-104\" srcset=\"https:\/\/alfanamas.lt\/wp-content\/uploads\/2024\/04\/11-1024x1024.jpg 1024w, https:\/\/alfanamas.lt\/wp-content\/uploads\/2024\/04\/11-300x300.jpg 300w, https:\/\/alfanamas.lt\/wp-content\/uploads\/2024\/04\/11-150x150.jpg 150w, https:\/\/alfanamas.lt\/wp-content\/uploads\/2024\/04\/11-768x768.jpg 768w, https:\/\/alfanamas.lt\/wp-content\/uploads\/2024\/04\/11.jpg 1413w\" sizes=\"auto, (max-width: 1024px) 100vw, 1024px\" \/><\/figure>\n<\/div>\n<\/div>\n\n\n\n<div class=\"wp-block-group alignfull has-background-color has-global-padding is-layout-constrained wp-container-core-group-is-layout-5d2f8bdc wp-block-group-is-layout-constrained\" style=\"margin-top:0;margin-bottom:0;padding-top:var(--wp--preset--spacing--40);padding-right:var(--wp--preset--spacing--30);padding-bottom:var(--wp--preset--spacing--40);padding-left:var(--wp--preset--spacing--30)\">\n<div class=\"wp-block-group alignwide is-content-justification-space-between is-layout-flex wp-container-core-group-is-layout-b585a4aa wp-block-group-is-layout-flex\">\n<div class=\"wp-block-group is-layout-flex wp-block-group-is-layout-flex\"><h1 class=\"wp-block-site-title has-small-font-size\"><a href=\"https:\/\/alfanamas.lt\" target=\"_self\" rel=\"home\">alfanamas.lt<\/a><\/h1><\/div>\n\n\n\n<p class=\"has-small-font-size\"> Proudly powered by <a rel=\"nofollow\" href=\"https:\/\/wordpress.org\">WordPress<\/a> <\/p>\n<\/div>\n<\/div>\n","protected":false},"excerpt":{"rendered":"<p>Deginta mediena &#8211; Degintos medienos gaminiai sukurs rafinuot\u0105 stili\u0173 J\u016bs\u0173 norimam dizainui. Naudodami Japonijoje sukurt\u0105 med\u017eio deginimo technik\u0105 pagaminsime i\u0161skirtinum\u0105 garantuojant\u012f produkt\u0105. Platus spalv\u0173 ir profili\u0173 pasirinkimas leis i\u0161sirinkti tinkamiausi\u0105 variant\u0105. Deginta mediena \u2013 ilgalaikis ir modernus sprendimas.Kokyb\u0117, estetika, nat\u016bralumas ir ilgaam\u017ei\u0161kumas \u2013 tinkamiausi \u017eod\u017eiai apib\u016bdinti degintai medienai. I\u0161skirtin\u0117 ir laiko patikrinta japoni\u0161ka med\u017eio apdirbimo [&hellip;]<\/p>\n","protected":false},"author":2,"featured_media":0,"parent":0,"menu_order":0,"comment_status":"closed","ping_status":"closed","template":"molio-dekoras-template","meta":{"footnotes":""},"class_list":["post-86","page","type-page","status-publish","hentry"],"_links":{"self":[{"href":"https:\/\/alfanamas.lt\/index.php?rest_route=\/wp\/v2\/pages\/86","targetHints":{"allow":["GET"]}}],"collection":[{"href":"https:\/\/alfanamas.lt\/index.php?rest_route=\/wp\/v2\/pages"}],"about":[{"href":"https:\/\/alfanamas.lt\/index.php?rest_route=\/wp\/v2\/types\/page"}],"author":[{"embeddable":true,"href":"https:\/\/alfanamas.lt\/index.php?rest_route=\/wp\/v2\/users\/2"}],"replies":[{"embeddable":true,"href":"https:\/\/alfanamas.lt\/index.php?rest_route=%2Fwp%2Fv2%2Fcomments&post=86"}],"version-history":[{"count":9,"href":"https:\/\/alfanamas.lt\/index.php?rest_route=\/wp\/v2\/pages\/86\/revisions"}],"predecessor-version":[{"id":113,"href":"https:\/\/alfanamas.lt\/index.php?rest_route=\/wp\/v2\/pages\/86\/revisions\/113"}],"wp:attachment":[{"href":"https:\/\/alfanamas.lt\/index.php?rest_route=%2Fwp%2Fv2%2Fmedia&parent=86"}],"curies":[{"name":"wp","href":"https:\/\/api.w.org\/{rel}","templated":true}]}}